{"id":8154,"date":"2026-03-05T16:16:33","date_gmt":"2026-03-05T15:16:33","guid":{"rendered":"https:\/\/www1.isolasalento.org\/?page_id=8154"},"modified":"2026-03-05T16:16:33","modified_gmt":"2026-03-05T15:16:33","slug":"privacy-2","status":"publish","type":"page","link":"https:\/\/www1.isolasalento.org\/index.php\/privacy-2\/","title":{"rendered":"Privacy"},"content":{"rendered":"\n<p>Con la presente informativa, si descrivono le modalit\u00e0 di gestione del sito in riferimento al Trattamento dei dati personali degli utenti che lo consultano. L&#8217;informativa \u00e8 resa ai sensi dell&#8217;art. 13 del G.D.P.R. 2016\/679 a coloro che interagiscono con i servizi online dell&#8217;Ente, accessibili per via telematica. L&#8217;informativa \u00e8 resa solo per il sito dell&#8217;ente e non anche per altri siti web eventualmente consultati dall&#8217;utente tramite link.<\/p>\n\n\n\n<h2 class=\"wp-block-heading\">Il Titolare e il Responsabile del trattamento<\/h2>\n\n\n\n<p>La consultazione di questo sito a partire dall\u2019indirizzo:\u00a0https:\/\/www.isolasalento.org comporta il rilascio di informazioni e dati personali.<br>Il Titolare del loro trattamento \u00e8: Gruppo di Azione Locale &#8220;GAL Isola Salento&#8221; scarl, in persona del suo Legale Rappresentante:\u00a0<a href=\"https:\/\/www.galcapodileuca.it\/item\/ciriolo-antonio\">Cosimo Marrocco<\/a>, che ha sede in Piazza Matteotti 22 &#8211; 73025 Martano (Le).<br>Il soggetto Responsabile per l\u2019esercizio dei diritti degli interessati \u00e8 individuato nella persona di:\u00a0<a href=\"mailto:\"><\/a>. Le richieste potranno essere inoltrate agli indirizzi email dei soggetti responsabili o a mezzo del servizio postale presso la sede dell\u2019Ente.<\/p>\n\n\n\n<h2 class=\"wp-block-heading\">Luogo di trattamento dei dati<\/h2>\n\n\n\n<p>I trattamenti connessi ai servizi online di questo sito hanno luogo nell\u2019Unione Europea, presso la predetta sede del Comune e sono curati solo dal personale incaricato del trattamento, oppure da eventuali incaricati di operazioni di manutenzione. In ogni caso i dati non saranno trasferiti in un Paese terzo Extraeuropeo e saranno conservati per il periodo stabilito dalla legge.<\/p>\n\n\n\n<h2 class=\"wp-block-heading\">Tipi di dati trattati e finalit\u00e0 del trattamento<\/h2>\n\n\n\n<h3 class=\"wp-block-heading\">Dati di registrazione<\/h3>\n\n\n\n<p>Le informazioni richieste in fase di registrazione verranno utilizzate per consentire l&#8217;accesso ai servizi online dell\u2019Ente. Essendo la registrazione propedeutica per l&#8217;accesso ai servizi online, i dati personali degli utenti, effettuata la scelta del servizio e previa ulteriore informativa, verranno trattati per le finalit\u00e0 connesse e\/o funzionali al servizio prescelto.<\/p>\n\n\n\n<h3 class=\"wp-block-heading\">Dati forniti volontariamente<\/h3>\n\n\n\n<p>L&#8217;invio facoltativo, esplicito e volontario di posta elettronica agli indirizzi indicati su questo sito comporta la successiva acquisizione dell&#8217;indirizzo del mittente, necessario per rispondere alle richieste, nonch\u00e9 degli eventuali altri dati personali inseriti nella missiva.<br>Specifiche informative di sintesi verranno progressivamente riportate o visualizzate nelle pagine del sito predisposte per particolari servizi a richiesta.<\/p>\n\n\n\n<h3 class=\"wp-block-heading\">Comunicazione e\/o diffusione<\/h3>\n\n\n\n<p>I dati personali forniti dagli utenti che inoltrano richieste di servizi o invio di materiale informativo (mailing list, risposte a quesiti, avvisi e newsletter, atti e provvedimenti etc.) sono utilizzati unicamente al fine di eseguire il servizio o la prestazione richiesta e sono comunicati a terzi solo nel caso in cui ci\u00f2 sia necessario per l&#8217;adempimento delle richieste (es. servizio di spedizione di documentazione richiesta) o quando la comunicazione sia imposta da norme di legge o di regolamento.<br>I Suoi dati personali non verranno diffusi, con tale termine intendendosi il darne conoscenza a soggetti indeterminati in qualunque modo, anche mediante la loro messa a disposizione o consultazione, ma potrebbero essere comunicati o diffusi esclusivamente a persone fisiche o giuridiche (responsabili per il particolare trattamento) che in forza di contratto con il Titolare forniscono specifici servizi elaborativi o svolgono attivit\u00e0 connesse, strumentali, di supporto, o in partnership, previo esplicito incarico che imponga il dovere di riservatezza e sicurezza.<\/p>\n\n\n\n<h3 class=\"wp-block-heading\">Dati di navigazione<\/h3>\n\n\n\n<p>I sistemi informatici e le procedure software preposte al funzionamento di questo sito web acquisiscono, nel corso del loro normale esercizio, alcuni dati personali la cui trasmissione \u00e8 implicita nell&#8217;uso dei protocolli di comunicazione di Internet.<br>Si tratta di informazioni che non sono raccolte per essere associate a interessati identificati, ma che per loro stessa natura potrebbero, attraverso elaborazioni ed associazioni con dati detenuti da terzi, permettere di identificare gli utenti.<br>In questa categoria di dati rientrano gli indirizzi IP o i nomi a dominio dei computer utilizzati dagli utenti che si connettono al sito, gli indirizzi in notazione URI (Uniform Resource Identifier) delle risorse richieste, l&#8217;orario della richiesta, il metodo utilizzato nel sottoporre la richiesta al server, la dimensione del file ottenuto in risposta, il codice numerico indicante lo stato della risposta data dal server (buon fine, errore, ecc.) ed altri parametri relativi al sistema operativo e all&#8217;ambiente informatico dell&#8217;utente.<br>Questi dati vengono utilizzati al solo fine di ricavare informazioni statistiche anonime sull&#8217;uso del sito e per controllarne il corretto funzionamento e sono conservati per i tempi definiti dalla normativa legale di riferimento. I dati potrebbero essere utilizzati per l&#8217;accertamento di responsabilit\u00e0 in caso di ipotetici reati informatici ai danni del sito.<\/p>\n\n\n\n<h2 class=\"wp-block-heading\">Modalit\u00e0 del trattamento<\/h2>\n\n\n\n<p>I dati personali verranno trattati per mezzo di strumenti informatico\/telematici e per finalit\u00e0 connesse e\/o strumentali ai servizi online o per la semplice navigazione sul sito, cos\u00ec come stabilito dalla legislazione italiana vigente; in particolare:<\/p>\n\n\n\n<ul class=\"wp-block-list\">\n<li>per rendere possibile l&#8217;erogazione del servizio;<\/li>\n\n\n\n<li>per rendere possibile l&#8217;esecuzione degli obblighi legali previsti.<\/li>\n<\/ul>\n\n\n\n<p>Il trattamento dei dati avverr\u00e0 per mezzo di strumenti e\/o modalit\u00e0 volte ad assicurare la riservatezza e la sicurezza dei dati, nel rispetto di quanto definito dal GDPR, adottando specifiche misure adeguate al rischio di varia probabilit\u00e0 e gravit\u00e0 per i diritti e le libert\u00e0 delle persone fisiche, per prevenire la perdita dei dati, gli usi illeciti o non corretti ed accessi non autorizzati e per ridurre al minimo i rischi afferenti la riservatezza, la disponibilit\u00e0 e l&#8217;integrit\u00e0 dei dati personali raccolti e trattati.<\/p>\n\n\n\n<h2 class=\"wp-block-heading\">Diritti degli interessati<\/h2>\n\n\n\n<p>Ai sensi degli art. 12 e ss. del Regolamento Europeo 2016\/679:<\/p>\n\n\n\n<ol class=\"wp-block-list\">\n<li>L&#8217;interessato ha diritto di ottenere la conferma dell&#8217;esistenza o meno di dati personali che lo riguardano, anche se non ancora registrati, e la loro comunicazione in forma intelligibile.<\/li>\n\n\n\n<li>L&#8217;interessato ha diritto di ottenere l&#8217;indicazione:\n<ol style=\"list-style-type:lower-alpha\" class=\"wp-block-list\">\n<li>dell&#8217;origine dei dati personali;<\/li>\n\n\n\n<li>delle finalit\u00e0 e modalit\u00e0 del trattamento;<\/li>\n\n\n\n<li>della logica applicata in caso di trattamento effettuato con l&#8217;ausilio di strumenti elettronici;<\/li>\n\n\n\n<li>degli estremi identificativi del titolare, dei responsabili e del rappresentante designato;<\/li>\n\n\n\n<li>dei soggetti o delle categorie di soggetti ai quali i dati personali possono essere comunicati o che possono venirne a conoscenza in qualit\u00e0 di rappresentante designato nel territorio dello Stato, di responsabili o incaricati.<\/li>\n<\/ol>\n<\/li>\n\n\n\n<li>L&#8217;interessato ha diritto di ottenere:\n<ol style=\"list-style-type:lower-alpha\" class=\"wp-block-list\">\n<li>l&#8217;aggiornamento, la rettificazione ovvero, quando vi ha interesse, l&#8217;integrazione dei dati;<\/li>\n\n\n\n<li>la cancellazione, la trasformazione in forma anonima o il blocco dei dati trattati in violazione di legge, compresi quelli di cui non \u00e8 necessaria la conservazione in relazione agli scopi per i quali i dati sono stati raccolti o successivamente trattati;<\/li>\n\n\n\n<li>l&#8217;attestazione che le operazioni di cui alle lettere a) e b) sono state portate a conoscenza, anche per quanto riguarda il loro contenuto, di coloro ai quali i dati sono stati comunicati o diffusi, eccettuato il caso in cui tale adempimento si rivela impossibile o comporta un impiego di mezzi manifestamente sproporzionato rispetto al diritto tutelato.<\/li>\n\n\n\n<li>la limitazione, portabilit\u00e0 dei dati o di proporre reclamo all&#8217;Autorit\u00e0 di Controllo in conformit\u00e0 agli artt. da 15 a 22 del GDPR.<\/li>\n<\/ol>\n<\/li>\n\n\n\n<li>L&#8217;interessato ha diritto di opporsi, in tutto o in parte:\n<ol style=\"list-style-type:lower-alpha\" class=\"wp-block-list\">\n<li>per motivi legittimi al trattamento dei dati personali che lo riguardano, ancorch\u00e9 pertinenti allo scopo della raccolta;<\/li>\n\n\n\n<li>al trattamento di dati personali che lo riguardano a fini di invio di materiale pubblicitario o di vendita diretta o per il compimento di ricerche di mercato o di comunicazione commerciale.<\/li>\n<\/ol>\n<\/li>\n<\/ol>\n\n\n\n<p>Per qualunque informazione in merito al trattamento dei dati, nonch\u00e9 per l&#8217;esercizio dei diritti sopraelencati, l&#8217;utente pu\u00f2 contattare il Titolare o il Responsabile per la Protezione dei dati, ai dati di contatto sopraindicati.<\/p>\n","protected":false},"excerpt":{"rendered":"<p>Con la presente informativa, si descrivono le modalit\u00e0 di gestione del sito in riferimento al Trattamento dei dati personali degli utenti che lo consultano.<\/p>\n","protected":false},"author":1,"featured_media":0,"parent":0,"menu_order":0,"comment_status":"closed","ping_status":"closed","template":"","meta":{"footnotes":""},"tags":[],"class_list":["post-8154","page","type-page","status-publish","hentry"],"_links":{"self":[{"href":"https:\/\/www1.isolasalento.org\/index.php\/wp-json\/wp\/v2\/pages\/8154","targetHints":{"allow":["GET"]}}],"collection":[{"href":"https:\/\/www1.isolasalento.org\/index.php\/wp-json\/wp\/v2\/pages"}],"about":[{"href":"https:\/\/www1.isolasalento.org\/index.php\/wp-json\/wp\/v2\/types\/page"}],"author":[{"embeddable":true,"href":"https:\/\/www1.isolasalento.org\/index.php\/wp-json\/wp\/v2\/users\/1"}],"replies":[{"embeddable":true,"href":"https:\/\/www1.isolasalento.org\/index.php\/wp-json\/wp\/v2\/comments?post=8154"}],"version-history":[{"count":1,"href":"https:\/\/www1.isolasalento.org\/index.php\/wp-json\/wp\/v2\/pages\/8154\/revisions"}],"predecessor-version":[{"id":8155,"href":"https:\/\/www1.isolasalento.org\/index.php\/wp-json\/wp\/v2\/pages\/8154\/revisions\/8155"}],"wp:attachment":[{"href":"https:\/\/www1.isolasalento.org\/index.php\/wp-json\/wp\/v2\/media?parent=8154"}],"wp:term":[{"taxonomy":"post_tag","embeddable":true,"href":"https:\/\/www1.isolasalento.org\/index.php\/wp-json\/wp\/v2\/tags?post=8154"}],"curies":[{"name":"wp","href":"https:\/\/api.w.org\/{rel}","templated":true}]}}